{"id":549,"date":"2025-09-27T10:50:27","date_gmt":"2025-09-27T08:50:27","guid":{"rendered":"https:\/\/aquamundo.fr\/?page_id=549"},"modified":"2026-02-13T18:18:55","modified_gmt":"2026-02-13T17:18:55","slug":"inscriptions","status":"publish","type":"page","link":"https:\/\/aquamundo.fr\/index.php\/inscriptions\/","title":{"rendered":"Inscriptions"},"content":{"rendered":"\n<p>El\u00e9ments \u00e0 fournir pour votre inscriptions : <br>&#8211; <a href=\"http:\/\/aquamundo.fr\/wp-content\/uploads\/2025\/09\/Inscriptions_Aquamundo.pdf\" target=\"_blank\" rel=\"noreferrer noopener\">Fiche de renseignement<\/a> (pas besoin de photo pour les r\u00e9inscriptions)<br>&#8211; <a href=\"http:\/\/aquamundo.fr\/wp-content\/uploads\/2025\/09\/CACI-NEW.pdf\" target=\"_blank\" rel=\"noreferrer noopener\">CACI<\/a><br>Le certificat m\u00e9dical fait par un m\u00e9decin f\u00e9d\u00e9ral n&rsquo;est pas obligatoire, un CACI par un m\u00e9decin g\u00e9n\u00e9raliste suffit l\u00e9galement. N\u00e9anmoins, pour ceux qui ont des fragilit\u00e9s, je les incite fortement \u00e0 le faire valider par un m\u00e9decin f\u00e9d\u00e9ral. De m\u00eame, si vous souhaitez faire de la comp\u00e9tition, le m\u00e9decin f\u00e9d\u00e9ral est une obligation.<\/p>\n\n\n\n<p>Une fois inscrit pensez \u00e0 d\u00e9poser votre Caci sur votre espace f\u00e9d\u00e9ral, <a href=\"https:\/\/aquamundo.fr\/wp-content\/uploads\/2026\/02\/Comment-enregistrer-son-CACI-sur-le-site-de-la-FFE_260213_181726.pdf\" data-type=\"attachment\" data-id=\"571\">le tuto est ici<\/a><\/p>\n\n\n\n<p>TARIFS :<\/p>\n\n\n\n<p>Les tarifs se composent de 3 \u00e9l\u00e9ments&nbsp;: <\/p>\n\n\n\n<figure class=\"wp-block-table is-style-regular\"><table class=\"has-fixed-layout\"><tbody><tr><td><strong>Adh\u00e9sion Club<\/strong><\/td><td><strong>Licence FFESSM<\/strong><\/td><td><strong>Assurance Lafont<\/strong><\/td><\/tr><tr><td>155\u20ac<\/td><td>Adultes 48.5\u20ac<\/td><td>Loisir 1 : 24.2\u20ac<\/td><\/tr><tr><td>+65\u20ac (Mercredi)<\/td><td>12-16ans: 30.5\u20ac<\/td><td>Loisir 2 : 28.85\u20ac<\/td><\/tr><tr><td>135\u20ac\/ personne \u00e0 partir de 2 personnes par foyer<\/td><td>-12 ans: 14\u20ac<\/td><td>Loisir 3 : 49.5\u20ac<\/td><\/tr><\/tbody><\/table><\/figure>\n\n\n\n<p><strong>1-Adh\u00e9sion au Club&nbsp;<\/strong>:155 \u20ac pour la s\u00e9ance du samedi (135\u20ac\/ personne \u00e0 partir de 2 personnes par foyer) + 65 \u20ac pour la s\u00e9ance suppl\u00e9mentaire du mercredi (soumis \u00e0 condition de disponibilit\u00e9).<br>L\u2019augmentation du prix des lignes d\u2019eau (depuis plusieurs saisons) n\u00e9cessite une augmentation de l\u2019adh\u00e9sion pour assurer l\u2019\u00e9quilibre de notre tr\u00e9sorerie<\/p>\n\n\n\n<p><strong>2-&nbsp;La Licence FFESSM<\/strong><\/p>\n\n\n\n<p>Licence adulte : 48,50\u20ac<br>Licence Jeune (12 \u00e0 16 ans) : 30,50\u20ac<br>Licence enfant (-12 ans) : 14\u20ac<\/p>\n\n\n\n<p><strong>3-L\u2019assurance compl\u00e9mentaire individuelle assistance Lafont<\/strong><\/p>\n\n\n\n<p>Pour une protection en cas d\u2019accident qui vous arriverait (souscription lors de la cr\u00e9ation de la licence). Si vous \u00eates victime d&rsquo;un accident sans engagement de la responsabilit\u00e9 d&rsquo;un tiers, vous n&rsquo;\u00eates pas assur\u00e9 dans le cadre du contrat \u00ab\u00a0Responsabilit\u00e9 Civile\u00a0\u00bb de votre Licence. <a href=\"http:\/\/aquamundo.fr\/wp-content\/uploads\/2025\/09\/Fiche-AIA_Licencie-FFESSM_LafontAssurances-2025-2026.pdf\" target=\"_blank\" rel=\"noreferrer noopener\">Vous trouverez la liste des garanties ici.<\/a><\/p>\n\n\n\n<p>Loisir 1 : 24.20\u20ac<br>Loisir 2&nbsp;: 28,85\u20ac<br>Loisir 3&nbsp;: 49.45\u20ac<\/p>\n\n\n\n<p><\/p>\n","protected":false},"excerpt":{"rendered":"<p>El\u00e9ments \u00e0 fournir pour votre inscriptions : &#8211; Fiche de renseignement (pas besoin de photo pour les r\u00e9inscriptions)&#8211; CACILe certificat m\u00e9dical fait par un m\u00e9decin f\u00e9d\u00e9ral n&rsquo;est pas obligatoire, un CACI par un m\u00e9decin g\u00e9n\u00e9raliste suffit l\u00e9galement. N\u00e9anmoins, pour ceux qui ont des fragilit\u00e9s, je les incite fortement \u00e0 le faire valider par un m\u00e9decin&hellip;&nbsp;<a href=\"https:\/\/aquamundo.fr\/index.php\/inscriptions\/\" rel=\"bookmark\">Lire la suite &raquo;<span class=\"screen-reader-text\">Inscriptions<\/span><\/a><\/p>\n","protected":false},"author":1,"featured_media":0,"parent":0,"menu_order":0,"comment_status":"closed","ping_status":"closed","template":"","meta":{"neve_meta_sidebar":"","neve_meta_container":"","neve_meta_enable_content_width":"","neve_meta_content_width":0,"neve_meta_title_alignment":"","neve_meta_author_avatar":"","neve_post_elements_order":"","neve_meta_disable_header":"","neve_meta_disable_footer":"","neve_meta_disable_title":"","_themeisle_gutenberg_block_has_review":false,"footnotes":""},"class_list":["post-549","page","type-page","status-publish","hentry"],"_links":{"self":[{"href":"https:\/\/aquamundo.fr\/index.php\/wp-json\/wp\/v2\/pages\/549","targetHints":{"allow":["GET"]}}],"collection":[{"href":"https:\/\/aquamundo.fr\/index.php\/wp-json\/wp\/v2\/pages"}],"about":[{"href":"https:\/\/aquamundo.fr\/index.php\/wp-json\/wp\/v2\/types\/page"}],"author":[{"embeddable":true,"href":"https:\/\/aquamundo.fr\/index.php\/wp-json\/wp\/v2\/users\/1"}],"replies":[{"embeddable":true,"href":"https:\/\/aquamundo.fr\/index.php\/wp-json\/wp\/v2\/comments?post=549"}],"version-history":[{"count":2,"href":"https:\/\/aquamundo.fr\/index.php\/wp-json\/wp\/v2\/pages\/549\/revisions"}],"predecessor-version":[{"id":572,"href":"https:\/\/aquamundo.fr\/index.php\/wp-json\/wp\/v2\/pages\/549\/revisions\/572"}],"wp:attachment":[{"href":"https:\/\/aquamundo.fr\/index.php\/wp-json\/wp\/v2\/media?parent=549"}],"curies":[{"name":"wp","href":"https:\/\/api.w.org\/{rel}","templated":true}]}}